 3348.
2, 3, 31
List the prime factors of 1006.
2, 503
List the prime factors of 44684.
2, 11171
List the prime factors of 28385.
5, 7, 811
What are the prime factors of 413?
7, 59
What are the prime factors of 44590?
2, 5, 7, 13
List the prime factors of 32715.
3, 5, 727
What are the prime factors of 636?
2, 3, 53
List the prime factors of 8290.
2, 5, 829
What are the prime factors of 21477?
3, 7159
What are the prime factors of 64462?
2, 167, 193
List the prime factors of 323.
17, 19
List the prime factors of 236.
2, 59
What are the prime factors of 11963?
7, 1709
What are the prime factors of 2366?
2, 7, 13
List the prime factors of 230.
2, 5, 23
What are the prime factors of 113618?
2, 56809
List the prime factors of 2586.
2, 3, 431
What are the prime factors of 1506?
2, 3, 251
List the prime factors of 34421.
34421
What are the prime factors of 1445?
5, 17
List the prime factors of 10462.
2, 5231
List the prime factors of 3268.
2, 19, 43
List the prime factors of 47593.
7, 13, 523
What are the prime factors of 1019?
1019
What are the prime factors of 2085?
3, 5, 139
List the prime factors of 44533.
44533
What are the prime factors of 62047?
62047
List the prime factors of 35282.
2, 13, 23, 59
What are the prime factors of 3482?
2, 1741
List the prime factors of 4910.
2, 5, 491
List the prime factors of 3924.
2, 3, 109
List the prime factors of 197969.
197969
What are the prime factors of 2814?
2, 3, 7, 67
What are the prime factors of 50793?
3, 16931
What are the prime factors of 40486?
2, 31, 653
What are the prime factors of 2111?
2111
List the prime factors of 1487.
1487
What are the prime factors of 423?
3, 47
List the prime factors of 4670.
2, 5, 467
List the prime factors of 779.
19, 41
List the prime factors of 40065.
3, 5, 2671
What are the prime factors of 8678?
2, 4339
List the prime factors of 663.
3, 13, 17
List the prime factors of 504.
2, 3, 7
What are the prime factors of 5216?
2, 163
List the prime factors of 5.
5
What are the prime factors of 4509?
3, 167
List the prime factors of 349.
349
List the prime factors of 8400.
2, 3, 5, 7
What are the prime factors of 49?
7
What are the prime factors of 10578?
2, 3, 41, 43
What are the prime factors of 6054?
2, 3, 1009
What are the prime factors of 28746?
2, 3, 1597
What are the prime factors of 35?
5, 7
What are the prime factors of 82854?
2, 3, 4603
What are the prime factors of 58678?
2, 29339
List the prime factors of 1203.
3, 401
List the prime factors of 1401.
3, 467
What are the prime factors of 100180?
2, 5, 5009
List the prime factors of 5647.
5647
What are the prime factors of 4461?
3, 1487
What are the prime factors of 4869?
3, 541
List the prime factors of 727.
727
What are the prime factors of 14613?
3, 4871
What are the prime factors of 2656?
2, 83
List the prime factors of 116952.
2, 3, 11, 443
What are the prime factors of 2253?
3, 751
What are the prime factors of 138369?
3, 7, 11, 599
List the prime factors of 43408.
2, 2713
List the prime factors of 2079.
3, 7, 11
What are the prime factors of 5477?
5477
What are the prime factors of 17571?
3, 5857
What are the prime factors of 3079?
3079
What are the prime factors of 8736?
2, 3, 7, 13
What are the prime factors of 10473?
3, 3491
What are the prime factors of 10042?
2, 5021
List the prime factors of 9272.
2, 19, 61
What are the prime factors of 4005?
3, 5, 89
What are the prime factors of 45806?
2, 37, 619
List the prime factors of 29282.
2, 11
List the prime factors of 73020.
2, 3, 5, 1217
What are the prime factors of 5195?
5, 1039
List the prime factors of 2528.
2, 79
List the prime factors of 936.
2, 3, 13
What are the prime factors of 23226?
2, 3, 7, 79
What are the prime factors of 109117?
19, 5743
List the prime factors of 9094.
2, 4547
List the prime factors of 29241.
3, 19
What are the prime factors of 4120?
2, 5, 103
List the prime factors of 5274.
2, 3, 293
What are the prime factors of 2235?
3, 5, 149
List the prime factors of 54546.
2, 3, 9091
List the prime factors of 4261.
4261
What are the prime factors of 1879?
1879
List the prime factors of 2287.
2287
What are the prime factors of 25521?
3, 47, 181
List the prime factors of 3617.
3617
What are the prime factors of 9740?
2, 5, 487
What are the prime factors of 1006?
2, 503
List the prime factors of 40089.
3, 7, 23, 83
What are the prime factors of 110277?
3, 12253
List the prime factors of 127.
127
What are the prime factors of 8916?
2, 3, 743
What are the prime factors of 103810?
2, 5, 7, 1483
What are the prime factors of 3374?
2, 7, 241
What are the prime factors of 4383?
3, 487
What are the prime factors of 9472?
2, 37
List the prime factors of 1113.
3, 7, 53
List the prime factors of 924.
2, 3, 7, 11
What are the prime factors of 1749?
3, 11, 53
List the prime factors of 7527.
3, 13, 193
What are the prime factors of 1783?
1783
What are the prime factors of 19508?
2, 4877
List the prime factors of 485.
5, 97
List the prime factors of 704.
2, 11
What are the prime factors of 2421?
3, 269
List the prime factors of 55157.
19, 2903
What are the prime factors of 5654?
2, 11, 257
List the prime factors of 1459.
1459
List the prime factors of 52415.
5, 11, 953
List the prime factors of 5937.
3, 1979
List the prime factors of 984.
2, 3, 41
List the prime factors of 36841.
7, 19, 277
What are the prime factors of 16059?
3, 53, 101
List the prime factors of 1260.
2, 3, 5, 7
List the prime factors of 44706.
2, 3, 7451
What are the prime factors of 1094?
2, 547
What are the prime factors of 840?
2, 3, 5, 7
List the prime factors of 42521.
101, 421
List the prime factors of 5819.
11, 23
List the prime factors of 29890.
2, 5, 7, 61
List the prime factors of 3092.
2, 773
What are the prime factors of 29439?
3, 3271
List the prime factors of 20.
2, 5
What are the prime factors of 37388?
2, 13, 719
What are the prime factors of 3491?
3491
What are the prime factors of 3221?
3221
What are the prime factors of 2623?
43, 61
List the prime factors of 5283.
3, 587
List the prime factors of 57890.
2, 5, 7, 827
What are the prime factors of 1199?
11, 109
What are the prime factors of 43948?
2, 10987
What are the prime factors of 33826?
2, 13, 1301
List the prime factors of 7239.
3, 19, 127
List the prime factors of 3940.
2, 5, 197
What are the prime factors of 2072?
2, 7, 37
List the prime factors of 10750.
2, 5, 43
What are the prime factors of 87661?
7, 1789
List the prime factors of 11995.
5, 2399
List the prime factors of 910.
2, 5, 7, 13
List the prime factors of 45521.
7, 929
List the prime factors of 23520.
2, 3, 5, 7
List the prime factors of 943.
23, 41
List the prime factors of 203.
7, 29
What are the prime factors of 7294?
2, 7, 521
List the prime factors of 773.
773
What are the prime factors of 1111?
11, 101
List the prime factors of 8071.
7, 1153
What are the prime factors of 1174?
2, 587
What are the prime factors of 175?
5, 7
What are the prime factors of 12911?
12911
What are the prime factors of 16303?
7, 17, 137
List the prime factors of 12440.
2, 5, 311
List the prime factors of 393.
3, 131
What are the prime factors of 6516?
2, 3, 181
What are the prime factors of 24228?
2, 3, 673
What are the prime factors of 42667?
42667
What are the prime factors of 143?
11, 13
What are the prime factors of 7755?
3, 5, 11, 47
What are the prime factors of 5240?
2, 5, 131
What are the prime factors of 516?
2, 3, 43
What are the prime factors of 13?
13
List the prime factors of 2346.
2, 3, 17, 23
List the prime factors of 1355.
5, 271
List the prime factors of 2135.
5, 7, 61
List the prime factors of 28710.
2, 3, 5, 11, 29
List the prime factors of 2568.
2, 3, 107
List the prime factors of 18461.
18461
List the prime factors of 2458.
2, 1229
List the prime factors of 1140.
2, 3, 5, 19
List the prime factors of 2886.
2, 3, 13, 37
List the prime factors of 9823.
11, 19, 47
What are the prime factors of 181?
181
What are the prime factors of 1111?
11, 101
List the prime factors of 32573.
32573
What are the prime factors of 2700?
2, 3, 5
What are the prime factors of 1559?
1559
List the prime factors of 7110.
2, 3, 5, 79
What are the prime factors of 36665?
5, 7333
What are the prime factors of 46711?
7, 6673
What are the prime factors of 32070?
2, 3, 5, 1